{"id":1029,"date":"2018-06-28T13:24:46","date_gmt":"2018-06-28T17:24:46","guid":{"rendered":"https:\/\/dolphinmedical.com\/colombia\/dolphinmedical.com\/?post_type=product&#038;p=1029"},"modified":"2025-12-05T15:53:50","modified_gmt":"2025-12-05T20:53:50","slug":"electrodo-asa-loop-dolphin","status":"publish","type":"product","link":"https:\/\/dolphinmedical.com\/colombia\/productos\/ginecologia\/patologia-cervical\/electrodo-asa-loop-dolphin\/","title":{"rendered":"Electrodo Asa Loop\u00ae Dolphin"},"content":{"rendered":"","protected":false},"excerpt":{"rendered":"<p><\/br><\/p>\n<p><a class=\"button  button_size_2\" href=\"\/dolphinmedical.com\/wp-content\/uploads\/2024\/03\/ELECTRODOS_CON-REGISTRO_150324_VF.pdf\"     style=\"background-color:#1a90cd!important;\"     title=\"\"><span class=\"button_label\">Ver Brochure<\/span><\/a>\n<a class=\"button  button_size_2\" href=\"\/colombia\/cotizar\/?asunto=Cotizar%20Producto&#038;mensaje=Necesito%20cotizar%20el%20producto%20Electrodo%20Asa%20Loop.\"     style=\"background-color:#29327d!important;\"     title=\"\"><span class=\"button_label\">Cotizar<\/span><\/a>\n<br \/>\n<hr class=\" hr_color\" style=\"margin:0 auto 30px;\"\/>\n<\/p>\n<p><div class=\"accordion\"><div class=\"mfn-acc accordion_wrapper \"><div class=\"question\"><div class=\"title\"><i class=\"icon-plus acc-icon-plus\" aria-hidden=\"true\"><\/i><i class=\"icon-minus acc-icon-minus\" aria-hidden=\"true\"><\/i>Caracter\u00edsticas<\/div><div class=\"answer\"><\/p>\n<p>Electrodos con <strong>formato reforzado<\/strong> para realizar procedimientos de electrocoagulaci\u00f3n. Manejo de la Patolog\u00eda Cervical neopl\u00e1sica pre-invasora con la t\u00e9cnica de escisi\u00f3n con Asa Diat\u00e9rmica. <em>LLETZ;<\/em> Large Loop Excision of the Transformation Zone y\/o <em>LEEP;<\/em> Loop Electrosurgical Excision Procedure.<\/p>\n<p><strong>Caracter\u00edsticas T\u00e9cnicas:<\/strong><\/p>\n<ul>\n<li>Alambre de Tungsteno de 0,5mm.<\/li>\n<li>Largo 13cm.<\/li>\n<li>Conector universal, para ser usado con cualquier marca de l\u00e1piz, conexi\u00f3n Standard 3\/32\u2033 (2,4mm).<\/li>\n<li>Desechables.<\/li>\n<\/ul>\n<p><\/div><\/div>\n<\/div><\/div>\n<div class=\"accordion\"><div class=\"mfn-acc accordion_wrapper \"><div class=\"question\"><div class=\"title\"><i class=\"icon-plus acc-icon-plus\" aria-hidden=\"true\"><\/i><i class=\"icon-minus acc-icon-minus\" aria-hidden=\"true\"><\/i>Indicaciones<\/div><div class=\"answer\"><\/p>\n<p>Conizaci\u00f3n electroquir\u00fargica del cuello del \u00fatero para lesiones neopl\u00e1sicas intraepiteliales (NIE).<\/p>\n<p><\/div><\/div>\n<\/div><\/div>\n<div class=\"accordion\"><div class=\"mfn-acc accordion_wrapper \"><div class=\"question\"><div class=\"title\"><i class=\"icon-plus acc-icon-plus\" aria-hidden=\"true\"><\/i><i class=\"icon-minus acc-icon-minus\" aria-hidden=\"true\"><\/i>Contraindicaciones<\/div><div class=\"answer\"><\/p>\n<ul>\n<li>Embarazo.<\/li>\n<li>Pacientes con c\u00e1ncer invasor visible a la examinaci\u00f3n.<\/li>\n<\/ul>\n<p><\/div><\/div>\n<\/div><\/div>\n<div class=\"accordion\"><div class=\"mfn-acc accordion_wrapper \"><div class=\"question\"><div class=\"title\"><i class=\"icon-plus acc-icon-plus\" aria-hidden=\"true\"><\/i><i class=\"icon-minus acc-icon-minus\" aria-hidden=\"true\"><\/i>C\u00f3digos y Medidas<\/div><div class=\"answer\"><\/p>\n<table class=\"egt\">\n<tbody>\n<tr>\n<th>C\u00f3digo<\/th>\n<th>Medida<\/th>\n<\/tr>\n<tr>\n<td>DML000505<\/td>\n<td>5x5mm<\/td>\n<\/tr>\n<tr>\n<td>DML001005<\/td>\n<td>10x5mm<\/td>\n<\/tr>\n<tr>\n<td>DML001008<\/td>\n<td>10x8mm<\/td>\n<\/tr>\n<tr>\n<td>DML001508<\/td>\n<td>15x8mm<\/td>\n<\/tr>\n<tr>\n<td>DML001510<\/td>\n<td>15x10mm<\/td>\n<\/tr>\n<tr>\n<td>DML001512<\/td>\n<td>15x12mm<\/td>\n<\/tr>\n<tr>\n<td>DML001515<\/td>\n<td>15x15mm<\/td>\n<\/tr>\n<tr>\n<td>DML002008<\/td>\n<td>20x08mm<\/td>\n<\/tr>\n<tr>\n<td>DML002010<\/td>\n<td>20x10mm<\/td>\n<\/tr>\n<tr>\n<td>DML002012<\/td>\n<td>20x12mm<\/td>\n<\/tr>\n<tr>\n<td>DML002015<\/td>\n<td>20x15mm<\/td>\n<\/tr>\n<tr>\n<td>DML002020<\/td>\n<td>20x20mm<\/td>\n<\/tr>\n<tr>\n<td>DML002510<\/td>\n<td>25x10mm<\/td>\n<\/tr>\n<tr>\n<td>DML002520<\/td>\n<td>25x20mm<\/td>\n<\/tr>\n<\/tbody>\n<\/table>\n<p><\/div><\/div>\n<div class=\"question\"><div class=\"title\"><i class=\"icon-plus acc-icon-plus\" aria-hidden=\"true\"><\/i><i class=\"icon-minus acc-icon-minus\" aria-hidden=\"true\"><\/i>Registro INVIMA<\/div><div class=\"answer\"><\/p>\n<p>2017DM-0017030<\/p>\n<p><\/div><\/div>\n<\/div><\/div>\n<br \/>\n<hr class=\"\" style=\"margin:0 auto 5px;\"\/>\n<\/p>\n","protected":false},"featured_media":1030,"template":"","meta":{"content-type":""},"product_brand":[],"product_cat":[21,32],"product_tag":[219,223,304],"class_list":{"0":"post-1029","1":"product","2":"type-product","3":"status-publish","4":"has-post-thumbnail","6":"product_cat-ginecologia","7":"product_cat-patologia-cervical","8":"product_tag-asa","9":"product_tag-electrodo","10":"product_tag-loop","12":"first","13":"instock","14":"shipping-taxable","15":"product-type-simple"},"_links":{"self":[{"href":"https:\/\/dolphinmedical.com\/colombia\/wp-json\/wp\/v2\/product\/1029","targetHints":{"allow":["GET"]}}],"collection":[{"href":"https:\/\/dolphinmedical.com\/colombia\/wp-json\/wp\/v2\/product"}],"about":[{"href":"https:\/\/dolphinmedical.com\/colombia\/wp-json\/wp\/v2\/types\/product"}],"wp:featuredmedia":[{"embeddable":true,"href":"https:\/\/dolphinmedical.com\/colombia\/wp-json\/wp\/v2\/media\/1030"}],"wp:attachment":[{"href":"https:\/\/dolphinmedical.com\/colombia\/wp-json\/wp\/v2\/media?parent=1029"}],"wp:term":[{"taxonomy":"product_brand","embeddable":true,"href":"https:\/\/dolphinmedical.com\/colombia\/wp-json\/wp\/v2\/product_brand?post=1029"},{"taxonomy":"product_cat","embeddable":true,"href":"https:\/\/dolphinmedical.com\/colombia\/wp-json\/wp\/v2\/product_cat?post=1029"},{"taxonomy":"product_tag","embeddable":true,"href":"https:\/\/dolphinmedical.com\/colombia\/wp-json\/wp\/v2\/product_tag?post=1029"}],"curies":[{"name":"wp","href":"https:\/\/api.w.org\/{rel}","templated":true}]}}