{"id":16746,"date":"2025-11-12T20:26:30","date_gmt":"2025-11-13T01:26:30","guid":{"rendered":"https:\/\/dolphinmedical.com\/colombia\/?post_type=product&#038;p=16746"},"modified":"2025-12-29T15:49:53","modified_gmt":"2025-12-29T20:49:53","slug":"pinza-lahey-3-dientes","status":"publish","type":"product","link":"https:\/\/dolphinmedical.com\/colombia\/productos\/ginecologia\/histerectomia-vaginal\/pinza-lahey-3-dientes\/","title":{"rendered":"Pinza Lahey 3 Dientes"},"content":{"rendered":"","protected":false},"excerpt":{"rendered":"<p>Pinza de tracci\u00f3n y fijaci\u00f3n para tejidos firmes.<\/p>\n<p><a class=\"button  button_size_2\" href=\"\/colombia\/cotizar\/?asunto=Cotizar%20Producto&#038;mensaje=Necesito%20cotizar%20el%20producto%20Pinza%20Lahey%203%20Dientes\"     style=\"background-color:#29327d!important;\"     title=\"\"><span class=\"button_label\">Cotizar<\/span><\/a>\n<br \/>\n<hr class=\" hr_color\" style=\"margin:0 auto 30px;\"\/>\n<br \/>\n<div class=\"accordion\"><div class=\"mfn-acc accordion_wrapper \"><div class=\"question\"><div class=\"title\"><i class=\"icon-plus acc-icon-plus\" aria-hidden=\"true\"><\/i><i class=\"icon-minus acc-icon-minus\" aria-hidden=\"true\"><\/i>Caracter\u00edsticas<\/div><div class=\"answer\"><\/p>\n<ul>\n<li>Instrumento de tracci\u00f3n y fijaci\u00f3n de tejidos firmes.<\/li>\n<li>Tres dientes afilados en la punta que aseguran una sujeci\u00f3n fuerte.<\/li>\n<li>Fabricada en acero inoxidable grado quir\u00fargico, resistente a la corrosi\u00f3n.<\/li>\n<li>Mangos tipo anillo con sistema de cremallera (ratchet) para cierre seguro.<\/li>\n<li>Dise\u00f1o recto o ligeramente curvo, seg\u00fan el modelo.<\/li>\n<li>Superficie satinada o mate, reduce reflejos quir\u00fargicos.<\/li>\n<\/ul>\n<p><\/div><\/div>\n<\/div><\/div>\n<div class=\"accordion\"><div class=\"mfn-acc accordion_wrapper \"><div class=\"question\"><div class=\"title\"><i class=\"icon-plus acc-icon-plus\" aria-hidden=\"true\"><\/i><i class=\"icon-minus acc-icon-minus\" aria-hidden=\"true\"><\/i>Indicaciones<\/div><div class=\"answer\"><\/p>\n<ul>\n<li><strong>Cirug\u00eda ginecol\u00f3gica:<\/strong> Para tracci\u00f3n del cuello uterino y fijaci\u00f3n del c\u00e9rvix durante procedimientos vaginales.<\/li>\n<li><strong>Cirug\u00eda general:<\/strong> Para sujeci\u00f3n de fascia, tejidos firmes y facilitar la exposici\u00f3n quir\u00fargica del campo operatorio.<\/li>\n<\/ul>\n<p><\/div><\/div>\n<\/div><\/div>\n<div class=\"accordion\"><div class=\"mfn-acc accordion_wrapper \"><div class=\"question\"><div class=\"title\"><i class=\"icon-plus acc-icon-plus\" aria-hidden=\"true\"><\/i><i class=\"icon-minus acc-icon-minus\" aria-hidden=\"true\"><\/i>Contraindicaciones<\/div><div class=\"answer\"><\/p>\n<ul>\n<li>No indicada para tejidos fr\u00e1giles o delicados, por riesgo de desgarro.<\/li>\n<li>No usar en tejidos altamente vascularizados sin control hemost\u00e1tico.<\/li>\n<li>No emplear pinza atraum\u00e1tica.<\/li>\n<li>No utilizar si los dientes est\u00e1n da\u00f1ados o desalineados.<\/li>\n<li>No indicada en cirug\u00eda m\u00ednimamente invasiva.<\/li>\n<\/ul>\n<p><\/div><\/div>\n<\/div><\/div>\n<div class=\"accordion\"><div class=\"mfn-acc accordion_wrapper \"><div class=\"question\"><div class=\"title\"><i class=\"icon-plus acc-icon-plus\" aria-hidden=\"true\"><\/i><i class=\"icon-minus acc-icon-minus\" aria-hidden=\"true\"><\/i>C\u00f3digos y Medidas<\/div><div class=\"answer\"><\/p>\n<table class=\"egt\">\n<tbody>\n<tr>\n<th>C\u00f3digo<\/th>\n<th>Medida<\/th>\n<\/tr>\n<tr>\n<td>DM440030250<\/td>\n<td>25 CM<\/td>\n<\/tr>\n<tr>\n<td>DM350480205<\/td>\n<td>20 CM<\/td>\n<\/tr>\n<\/tbody>\n<\/table>\n<p><\/div><\/div>\n<div class=\"question\"><div class=\"title\"><i class=\"icon-plus acc-icon-plus\" aria-hidden=\"true\"><\/i><i class=\"icon-minus acc-icon-minus\" aria-hidden=\"true\"><\/i>Registro INVIMA<\/div><div class=\"answer\"><\/p>\n<p>2024DM-0028550<\/p>\n<p><\/div><\/div>\n<\/div><\/div>\n<br \/>\n<hr class=\"\" style=\"margin:0 auto 5px;\"\/>\n<\/p>\n","protected":false},"featured_media":16747,"template":"","meta":{"content-type":""},"product_brand":[],"product_cat":[21,25,33,69],"product_tag":[92,93],"class_list":{"0":"post-16746","1":"product","2":"type-product","3":"status-publish","4":"has-post-thumbnail","6":"product_cat-ginecologia","7":"product_cat-cirugia","8":"product_cat-histerectomia-vaginal","9":"product_cat-cirugia-general","10":"product_tag-pinza","11":"product_tag-lahey","13":"first","14":"instock","15":"shipping-taxable","16":"product-type-simple"},"_links":{"self":[{"href":"https:\/\/dolphinmedical.com\/colombia\/wp-json\/wp\/v2\/product\/16746","targetHints":{"allow":["GET"]}}],"collection":[{"href":"https:\/\/dolphinmedical.com\/colombia\/wp-json\/wp\/v2\/product"}],"about":[{"href":"https:\/\/dolphinmedical.com\/colombia\/wp-json\/wp\/v2\/types\/product"}],"wp:featuredmedia":[{"embeddable":true,"href":"https:\/\/dolphinmedical.com\/colombia\/wp-json\/wp\/v2\/media\/16747"}],"wp:attachment":[{"href":"https:\/\/dolphinmedical.com\/colombia\/wp-json\/wp\/v2\/media?parent=16746"}],"wp:term":[{"taxonomy":"product_brand","embeddable":true,"href":"https:\/\/dolphinmedical.com\/colombia\/wp-json\/wp\/v2\/product_brand?post=16746"},{"taxonomy":"product_cat","embeddable":true,"href":"https:\/\/dolphinmedical.com\/colombia\/wp-json\/wp\/v2\/product_cat?post=16746"},{"taxonomy":"product_tag","embeddable":true,"href":"https:\/\/dolphinmedical.com\/colombia\/wp-json\/wp\/v2\/product_tag?post=16746"}],"curies":[{"name":"wp","href":"https:\/\/api.w.org\/{rel}","templated":true}]}}