{"id":16982,"date":"2026-02-17T17:13:43","date_gmt":"2026-02-17T22:13:43","guid":{"rendered":"https:\/\/dolphinmedical.com\/colombia\/?post_type=product&#038;p=16982"},"modified":"2026-02-17T17:37:40","modified_gmt":"2026-02-17T22:37:40","slug":"micro-aguja-recubierta-de-tungsteno","status":"publish","type":"product","link":"https:\/\/dolphinmedical.com\/colombia\/productos\/ginecologia\/patologia-cervical\/micro-aguja-recubierta-de-tungsteno\/","title":{"rendered":"Micro Aguja Recubierta de Tungsteno"},"content":{"rendered":"","protected":false},"excerpt":{"rendered":"<p>Micro aguja recubierta de tungsteno de carbono, utilizada para cirug\u00edas de pl\u00e1stica, neuro, oto, y todo donde se requiera micro coagulaci\u00f3n y que no se adhiera el tejido.<\/p>\n<p><a class=\"button  button_size_2\" href=\"#\"     target=\"_blank\"    title=\"\"><span class=\"button_label\">Ver Brochure<\/span><\/a>\n<a class=\"button  button_size_2\" href=\"\/colombia\/cotizar\/?asunto=Cotizar%20Producto&#038;mensaje=Necesito%20cotizar%20el%20producto%20Micro%20aguja%20recubierta%20de%20tungsteno\"     style=\"background-color:#29327d!important;\"     title=\"\"><span class=\"button_label\">Cotizar<\/span><\/a>\n<br \/>\n<hr class=\" hr_color\" style=\"margin:0 auto 30px;\"\/>\n<br \/>\n<div class=\"accordion\"><div class=\"mfn-acc accordion_wrapper \"><div class=\"question\"><div class=\"title\"><i class=\"icon-plus acc-icon-plus\" aria-hidden=\"true\"><\/i><i class=\"icon-minus acc-icon-minus\" aria-hidden=\"true\"><\/i>Caracter\u00edsticas<\/div><div class=\"answer\"><\/p>\n<ul>\n<li>Dise\u00f1ado para corte y coagulaci\u00f3n de alta precisi\u00f3n.<\/li>\n<li>Punta de tungsteno resistente a altas temperaturas.<\/li>\n<li>Cuerpo aislante en ABS t\u00e9cnico.<\/li>\n<li>Soporte en acero inoxidable grado m\u00e9dico.<\/li>\n<li>Propiedad antiadherente para evitar que el tejido se pegue a la punta.<\/li>\n<li>Ideal para procedimientos quir\u00fargicos finos en diversas especialidades.<\/li>\n<\/ul>\n<p><\/div><\/div>\n<\/div><\/div>\n<div class=\"accordion\"><div class=\"mfn-acc accordion_wrapper \"><div class=\"question\"><div class=\"title\"><i class=\"icon-plus acc-icon-plus\" aria-hidden=\"true\"><\/i><i class=\"icon-minus acc-icon-minus\" aria-hidden=\"true\"><\/i>Indicaciones<\/div><div class=\"answer\"><\/p>\n<ul>\n<li>Microcorte de lesiones cervicales superficiales.<\/li>\n<li>Disecci\u00f3n fina en procedimientos colposc\u00f3picos.<\/li>\n<li>Escisi\u00f3n dirigida de epitelio anormal.<\/li>\n<li>Tratamiento puntual de lesiones exocervicales.<\/li>\n<li>Vaporizaci\u00f3n localizada de tejido patol\u00f3gico.<\/li>\n<li>Electrofulguraci\u00f3n de \u00e1reas peque\u00f1as.<\/li>\n<li>Remodelaci\u00f3n de bordes tras resecci\u00f3n cervical.<\/li>\n<li>Control de puntos de sangrado finos.<\/li>\n<li>Tratamiento de lesiones vulvares peque\u00f1as.<\/li>\n<li>Disecci\u00f3n precisa en mucosa vaginal.<\/li>\n<li>Procedimientos ginecol\u00f3gicos ambulatorios de alta precisi\u00f3n.<\/li>\n<\/ul>\n<p><\/div><\/div>\n<\/div><\/div>\n<div class=\"accordion\"><div class=\"mfn-acc accordion_wrapper \"><div class=\"question\"><div class=\"title\"><i class=\"icon-plus acc-icon-plus\" aria-hidden=\"true\"><\/i><i class=\"icon-minus acc-icon-minus\" aria-hidden=\"true\"><\/i>Contraindicaciones<\/div><div class=\"answer\"><\/p>\n<p>No se reportan contraindicaciones espec\u00edficas en la ficha t\u00e9cnica. El uso debe ser realizado por personal m\u00e9dico calificado siguiendo protocolos de asepsia y seguridad electroquir\u00fargica.<\/p>\n<p><\/div><\/div>\n<\/div><\/div>\n<div class=\"accordion\"><div class=\"mfn-acc accordion_wrapper \"><div class=\"question\"><div class=\"title\"><i class=\"icon-plus acc-icon-plus\" aria-hidden=\"true\"><\/i><i class=\"icon-minus acc-icon-minus\" aria-hidden=\"true\"><\/i>C\u00f3digos y Medidas<\/div><div class=\"answer\"><\/p>\n<table class=\"egt\">\n<tbody>\n<tr>\n<th>Referencia<\/th>\n<th>Descripci\u00f3n<\/th>\n<\/tr>\n<tr>\n<td>Por definir<\/td>\n<td>Micro aguja recubierta de tungsteno<\/td>\n<\/tr>\n<\/tbody>\n<\/table>\n<p><\/div><\/div>\n<div class=\"question\"><div class=\"title\"><i class=\"icon-plus acc-icon-plus\" aria-hidden=\"true\"><\/i><i class=\"icon-minus acc-icon-minus\" aria-hidden=\"true\"><\/i>Registro INVIMA<\/div><div class=\"answer\"><\/p>\n<p>En tr\u00e1mite \/ Consultar seg\u00fan lote de importaci\u00f3n.<\/p>\n<p><\/div><\/div>\n<\/div><\/div>\n<br \/>\n<hr class=\"\" style=\"margin:0 auto 5px;\"\/>\n<\/p>\n","protected":false},"featured_media":16983,"template":"","meta":{"content-type":""},"product_brand":[],"product_cat":[32],"product_tag":[204,273,298,299],"class_list":{"0":"post-16982","1":"product","2":"type-product","3":"status-publish","4":"has-post-thumbnail","6":"product_cat-patologia-cervical","7":"product_tag-electrobisturi","8":"product_tag-lija","9":"product_tag-limpiador","10":"product_tag-electroquirurgica","12":"first","13":"instock","14":"shipping-taxable","15":"product-type-simple"},"_links":{"self":[{"href":"https:\/\/dolphinmedical.com\/colombia\/wp-json\/wp\/v2\/product\/16982","targetHints":{"allow":["GET"]}}],"collection":[{"href":"https:\/\/dolphinmedical.com\/colombia\/wp-json\/wp\/v2\/product"}],"about":[{"href":"https:\/\/dolphinmedical.com\/colombia\/wp-json\/wp\/v2\/types\/product"}],"wp:featuredmedia":[{"embeddable":true,"href":"https:\/\/dolphinmedical.com\/colombia\/wp-json\/wp\/v2\/media\/16983"}],"wp:attachment":[{"href":"https:\/\/dolphinmedical.com\/colombia\/wp-json\/wp\/v2\/media?parent=16982"}],"wp:term":[{"taxonomy":"product_brand","embeddable":true,"href":"https:\/\/dolphinmedical.com\/colombia\/wp-json\/wp\/v2\/product_brand?post=16982"},{"taxonomy":"product_cat","embeddable":true,"href":"https:\/\/dolphinmedical.com\/colombia\/wp-json\/wp\/v2\/product_cat?post=16982"},{"taxonomy":"product_tag","embeddable":true,"href":"https:\/\/dolphinmedical.com\/colombia\/wp-json\/wp\/v2\/product_tag?post=16982"}],"curies":[{"name":"wp","href":"https:\/\/api.w.org\/{rel}","templated":true}]}}