{"id":6429,"date":"2021-07-27T11:40:15","date_gmt":"2021-07-27T15:40:15","guid":{"rendered":"https:\/\/dolphinmedical.com\/colombia\/?post_type=product&#038;p=6429"},"modified":"2025-12-05T16:55:23","modified_gmt":"2025-12-05T21:55:23","slug":"equipo-aspiracion-continua-manual-endouterina","status":"publish","type":"product","link":"https:\/\/dolphinmedical.com\/colombia\/productos\/ginecologia\/patologia-cervical\/equipo-aspiracion-continua-manual-endouterina\/","title":{"rendered":"Equipos de Aspiraci\u00f3n Manual Endouterina"},"content":{"rendered":"","protected":false},"excerpt":{"rendered":"<p><a class=\"button  button_size_2\" href=\"\/dolphinmedical.com\/wp-content\/uploads\/2024\/03\/KIT-AMEU_CON-REGISTRO_110324_VF.pdf\"     target=\"_blank\"    title=\"\"><span class=\"button_label\">Ver Brochure<\/span><\/a>\n<a class=\"button  button_size_2\" href=\"\/colombia\/cotizar\/?asunto=Cotizar%20Producto&#038;mensaje=Necesito%20cotizar%20el%20producto%20%20Jeringa%20Dolphin%20Medical%20para%20Cavidad%20Uterina%20Kit%20ConectoresREF:209%2004%2012%20%20.\"     style=\"background-color:#29327d!important;\"     title=\"\"><span class=\"button_label\">Cotizar<\/span><\/a>\n<br \/>\n<hr class=\" hr_color\" style=\"margin:0 auto 30px;\"\/>\n<br \/>\n<div class=\"accordion\"><div class=\"mfn-acc accordion_wrapper \"><div class=\"question\"><div class=\"title\"><i class=\"icon-plus acc-icon-plus\" aria-hidden=\"true\"><\/i><i class=\"icon-minus acc-icon-minus\" aria-hidden=\"true\"><\/i>Caracter\u00edsticas<\/div><div class=\"answer\"><br \/>\nEl Kit Aspirador Manual Endouterino cuenta con 8 c\u00e1nulas flexibles de distinto di\u00e1metro del 4 mm a 12 mm.<\/p>\n<p>Caracter\u00edsticas T\u00e9cnicas:<\/p>\n<p>Presentado en embalaje individual de papel de grado quir\u00fargico.<\/p>\n<ul>\n<li>Para la aspiraci\u00f3n uterina y la biopsia de endometrio<\/li>\n<li>Volumen: 60 ml<\/li>\n<li>Vac\u00edo: 609.6-660.4mm \/ Hg<\/li>\n<li><strong>Libre de l\u00e1tex y ftalatos<\/strong><\/li>\n<li>Individualmente envasados y esterilizados en OE<\/li>\n<li>Se adapta perfectamente a los cat\u00e9ter flexibles de 4 hasta 12mm.<\/li>\n<\/ul>\n<p><\/div><\/div>\n<\/div><\/div>\n<div class=\"accordion\"><div class=\"mfn-acc accordion_wrapper \"><div class=\"question\"><div class=\"title\"><i class=\"icon-plus acc-icon-plus\" aria-hidden=\"true\"><\/i><i class=\"icon-minus acc-icon-minus\" aria-hidden=\"true\"><\/i>Indicaciones<\/div><div class=\"answer\"><br \/>\nEst\u00e1 indicado para la evacuaci\u00f3n uterina, aspiraci\u00f3n en obstetricia y en distintos procedimientos en ginecolog\u00eda. Es un cat\u00e9ter especialmente desarrollado para el m\u00e9todo de aspiraci\u00f3n manual endouterina (AMEU) y biopsia de endometrio.<br \/>\n<\/div><\/div>\n<\/div><\/div>\n<div class=\"accordion\"><div class=\"mfn-acc accordion_wrapper \"><div class=\"question\"><div class=\"title\"><i class=\"icon-plus acc-icon-plus\" aria-hidden=\"true\"><\/i><i class=\"icon-minus acc-icon-minus\" aria-hidden=\"true\"><\/i>Contraindicaciones<\/div><div class=\"answer\"><\/p>\n<ul>\n<li>Infecci\u00f3n p\u00e9lvica activa<\/li>\n<li>Sospecha o confirmaci\u00f3n de perforaci\u00f3n uterina previa o actual<\/li>\n<li>Hemorragia uterina severa sin diagn\u00f3stico<\/li>\n<\/ul>\n<p><\/div><\/div>\n<\/div><\/div>\n<div class=\"accordion\"><div class=\"mfn-acc accordion_wrapper \"><div class=\"question\"><div class=\"title\"><i class=\"icon-plus acc-icon-plus\" aria-hidden=\"true\"><\/i><i class=\"icon-minus acc-icon-minus\" aria-hidden=\"true\"><\/i>C\u00f3digos y Medidas<\/div><div class=\"answer\"><\/p>\n<table class=\"egt\" style=\"height: 252px;\" width=\"383\">\n<tbody>\n<tr>\n<th>C\u00f3digo<\/th>\n<th>Descripci\u00f3n<\/th>\n<th>Medida<\/th>\n<\/tr>\n<tr>\n<td>209 05<\/td>\n<td>Aspirador Ameu doble v\u00e1lvula<\/td>\n<td>60ml<\/td>\n<\/tr>\n<tr>\n<td>208 04<\/td>\n<td>C\u00e1nula Flexible 4mm<\/td>\n<td>4mm.<\/td>\n<\/tr>\n<tr>\n<td>208 05<\/td>\n<td>C\u00e1nula Flexible 5mm<\/td>\n<td>5mm.<\/td>\n<\/tr>\n<tr>\n<td>208 06<\/td>\n<td>C\u00e1nula Flexible 6mm<\/td>\n<td>6mm.<\/td>\n<\/tr>\n<tr>\n<td>208 07<\/td>\n<td>C\u00e1nula Flexible 7mm<\/td>\n<td>7mm.<\/td>\n<\/tr>\n<tr>\n<td>208 08<\/td>\n<td>C\u00e1nula Flexible 8mm<\/td>\n<td>8mm.<\/td>\n<\/tr>\n<tr>\n<td>208 09<\/td>\n<td>C\u00e1nula Flexible 9mm<\/td>\n<td>9mm.<\/td>\n<\/tr>\n<tr>\n<td>208 10<\/td>\n<td>C\u00e1nula Flexible 10mm<\/td>\n<td>10mm.<\/td>\n<\/tr>\n<tr>\n<td>208 12<\/td>\n<td>C\u00e1nula Flexible 12mm<\/td>\n<td>12mm.<\/td>\n<\/tr>\n<tr>\n<td>209-04-12<\/td>\n<td>Kit Aspirador Ameu<\/td>\n<td><\/td>\n<\/tr>\n<\/tbody>\n<\/table>\n<p><\/div><\/div>\n<div class=\"question\"><div class=\"title\"><i class=\"icon-plus acc-icon-plus\" aria-hidden=\"true\"><\/i><i class=\"icon-minus acc-icon-minus\" aria-hidden=\"true\"><\/i>Registro INVIMA<\/div><div class=\"answer\"><\/p>\n<p>2022DM-0026005<\/p>\n<p><\/div><\/div>\n<\/div><\/div>\n<br \/>\n<hr class=\"\" style=\"margin:0 auto 5px;\"\/>\n<\/p>\n","protected":false},"featured_media":5663,"template":"","meta":{"content-type":""},"product_brand":[],"product_cat":[21,32,36],"product_tag":[224,225],"class_list":{"0":"post-6429","1":"product","2":"type-product","3":"status-publish","4":"has-post-thumbnail","6":"product_cat-ginecologia","7":"product_cat-patologia-cervical","8":"product_cat-perinatologia-obstreticia","9":"product_tag-aspirador","10":"product_tag-ameu","12":"first","13":"instock","14":"shipping-taxable","15":"product-type-simple"},"_links":{"self":[{"href":"https:\/\/dolphinmedical.com\/colombia\/wp-json\/wp\/v2\/product\/6429","targetHints":{"allow":["GET"]}}],"collection":[{"href":"https:\/\/dolphinmedical.com\/colombia\/wp-json\/wp\/v2\/product"}],"about":[{"href":"https:\/\/dolphinmedical.com\/colombia\/wp-json\/wp\/v2\/types\/product"}],"wp:featuredmedia":[{"embeddable":true,"href":"https:\/\/dolphinmedical.com\/colombia\/wp-json\/wp\/v2\/media\/5663"}],"wp:attachment":[{"href":"https:\/\/dolphinmedical.com\/colombia\/wp-json\/wp\/v2\/media?parent=6429"}],"wp:term":[{"taxonomy":"product_brand","embeddable":true,"href":"https:\/\/dolphinmedical.com\/colombia\/wp-json\/wp\/v2\/product_brand?post=6429"},{"taxonomy":"product_cat","embeddable":true,"href":"https:\/\/dolphinmedical.com\/colombia\/wp-json\/wp\/v2\/product_cat?post=6429"},{"taxonomy":"product_tag","embeddable":true,"href":"https:\/\/dolphinmedical.com\/colombia\/wp-json\/wp\/v2\/product_tag?post=6429"}],"curies":[{"name":"wp","href":"https:\/\/api.w.org\/{rel}","templated":true}]}}