{"id":679,"date":"2018-03-07T17:53:37","date_gmt":"2018-03-07T20:53:37","guid":{"rendered":"https:\/\/dolphinmedical.com\/colombia\/dolphinmedical.com\/?post_type=product&#038;p=679"},"modified":"2025-12-03T20:59:17","modified_gmt":"2025-12-04T01:59:17","slug":"pesario-de-cerclaje-arabin-perforado","status":"publish","type":"product","link":"https:\/\/dolphinmedical.com\/colombia\/productos\/ginecologia\/pesarios\/pesario-de-cerclaje-arabin-perforado\/","title":{"rendered":"Pesario de Cerclaje Arabin&reg; (perforado)"},"content":{"rendered":"","protected":false},"excerpt":{"rendered":"<p><a class=\"button  button_size_2\" href=\"\/dolphinmedical.com\/wp-content\/uploads\/2020\/02\/ARABIN_261119.pdf\"     target=\"_blank\"    title=\"\"><span class=\"button_label\">Ver Brochure<\/span><\/a>\n<a class=\"button  button_size_2\" href=\"\/colombia\/cotizar\/?asunto=Cotizar%20Producto&#038;mensaje=Necesito%20cotizar%20el%20producto%20Pesario%20de%20Cerclaje%20Arabin%20(perforado)\"     style=\"background-color:#29327d!important;\"     title=\"\"><span class=\"button_label\">Cotizar<\/span><\/a>\n<a class=\"button  button_size_2\" href=\"https:\/\/dr-arabin.de\/produkt\/arabin-cerclage-pessary-perforated\/?lang=en\"     style=\"background-color:#999999!important;\" target=\"_blank\"    title=\"\"><span class=\"button_label\">Calculadora de tama\u00f1os<\/span><\/a>\n<br \/>\n<hr class=\" hr_color\" style=\"margin:0 auto 30px;\"\/>\n<br \/>\n<div class=\"accordion\"><div class=\"mfn-acc accordion_wrapper \"><div class=\"question\"><div class=\"title\"><i class=\"icon-plus acc-icon-plus\" aria-hidden=\"true\"><\/i><i class=\"icon-minus acc-icon-minus\" aria-hidden=\"true\"><\/i>Caracter\u00edsticas<\/div><div class=\"answer\"><\/p>\n<p>Fabricado con SILPURAN 20\/50 de Wacher Chemicals, nueva l\u00ednea de Silicona Ultra-pura Transparente, para aplicaciones de uso m\u00e9dico y con excelente respuesta de biocompatibilidad.<\/p>\n<p><\/div><\/div>\n<\/div><\/div>\n<div class=\"accordion\"><div class=\"mfn-acc accordion_wrapper \"><div class=\"question\"><div class=\"title\"><i class=\"icon-plus acc-icon-plus\" aria-hidden=\"true\"><\/i><i class=\"icon-minus acc-icon-minus\" aria-hidden=\"true\"><\/i>Indicaciones<\/div><div class=\"answer\"><\/p>\n<p>Para apoyar el cuello uterino en pacientes embarazadas, ya sea con quejas de prolapso (dolorosa \u00abpresi\u00f3n a la baja\u00bb al estar de pie y caminar) y mujeres embarazadas expuesta a esfuerzos f\u00edsicos (por ejemplo; de pie un largo tiempo) y\/o en pacientes con trabajo de parto prematuro amenazante (canalizando longitud cervical\/corto).<br \/>\nSus Perforaciones permiten el drenaje de descarga.<\/p>\n<p><\/div><\/div>\n<\/div><\/div>\n<div class=\"accordion\"><div class=\"mfn-acc accordion_wrapper \"><div class=\"question\"><div class=\"title\"><i class=\"icon-plus acc-icon-plus\" aria-hidden=\"true\"><\/i><i class=\"icon-minus acc-icon-minus\" aria-hidden=\"true\"><\/i>Contraindicaciones<\/div><div class=\"answer\"><\/p>\n<p>No se debe colocar si hay p\u00e9rdida de l\u00edquido amni\u00f3tico, Infecciones vaginales o cervicales activas, rotura prematura de membranas (RPM), hemorragia vaginal de origen desconocido, incompetencia cervical severa con dilataci\u00f3n avanzada<\/p>\n<p><\/div><\/div>\n<\/div><\/div>\n<div class=\"accordion\"><div class=\"mfn-acc accordion_wrapper \"><div class=\"question\"><div class=\"title\"><i class=\"icon-plus acc-icon-plus\" aria-hidden=\"true\"><\/i><i class=\"icon-minus acc-icon-minus\" aria-hidden=\"true\"><\/i>C\u00f3digos y Medidas<\/div><div class=\"answer\"><\/p>\n<table class=\"egt\">\n<tbody>\n<tr>\n<th>C\u00f3digo<\/th>\n<th>Medida<\/th>\n<\/tr>\n<tr>\n<td>DM651732<\/td>\n<td>65\/17\/32<\/td>\n<\/tr>\n<tr>\n<td>DM651735<\/td>\n<td>65\/17\/35<\/td>\n<\/tr>\n<tr>\n<td>DM652132<\/td>\n<td>65\/21\/32<\/td>\n<\/tr>\n<tr>\n<td>DM652135<\/td>\n<td>65\/21\/35<\/td>\n<\/tr>\n<tr>\n<td>DM652532<\/td>\n<td>65\/25\/32<\/td>\n<\/tr>\n<tr>\n<td>DM652535<\/td>\n<td>65\/25\/35<\/td>\n<\/tr>\n<tr>\n<td>DM653035<\/td>\n<td>65\/30\/35<\/td>\n<\/tr>\n<tr>\n<td>DM701732<\/td>\n<td>70\/17\/32<\/td>\n<\/tr>\n<tr>\n<td>DM701735<\/td>\n<td>70\/17\/35<\/td>\n<\/tr>\n<tr>\n<td>DM702132<\/td>\n<td>70\/21\/32<\/td>\n<\/tr>\n<tr>\n<td>DM702135<\/td>\n<td>70\/21\/35<\/td>\n<\/tr>\n<tr>\n<td>DM702532<\/td>\n<td>70\/25\/32<\/td>\n<\/tr>\n<tr>\n<td>DM702535<\/td>\n<td>70\/25\/35<\/td>\n<\/tr>\n<\/tbody>\n<\/table>\n<p><\/div><\/div>\n<div class=\"question\"><div class=\"title\"><i class=\"icon-plus acc-icon-plus\" aria-hidden=\"true\"><\/i><i class=\"icon-minus acc-icon-minus\" aria-hidden=\"true\"><\/i>Registro INVIMA<\/div><div class=\"answer\"><\/p>\n<p>2023DM-0027094<\/p>\n<p><\/div><\/div>\n<\/div><\/div>\n<br \/>\n<hr class=\"\" style=\"margin:0 auto 5px;\"\/>\n<\/p>\n","protected":false},"featured_media":681,"template":"","meta":{"content-type":""},"product_brand":[],"product_cat":[21,31,36],"product_tag":[27,148,149],"class_list":{"0":"post-679","1":"product","2":"type-product","3":"status-publish","4":"has-post-thumbnail","6":"product_cat-ginecologia","7":"product_cat-pesarios","8":"product_cat-perinatologia-obstreticia","9":"product_tag-pesario","10":"product_tag-cerclaje","11":"product_tag-arabin","13":"first","14":"instock","15":"shipping-taxable","16":"product-type-simple"},"_links":{"self":[{"href":"https:\/\/dolphinmedical.com\/colombia\/wp-json\/wp\/v2\/product\/679","targetHints":{"allow":["GET"]}}],"collection":[{"href":"https:\/\/dolphinmedical.com\/colombia\/wp-json\/wp\/v2\/product"}],"about":[{"href":"https:\/\/dolphinmedical.com\/colombia\/wp-json\/wp\/v2\/types\/product"}],"wp:featuredmedia":[{"embeddable":true,"href":"https:\/\/dolphinmedical.com\/colombia\/wp-json\/wp\/v2\/media\/681"}],"wp:attachment":[{"href":"https:\/\/dolphinmedical.com\/colombia\/wp-json\/wp\/v2\/media?parent=679"}],"wp:term":[{"taxonomy":"product_brand","embeddable":true,"href":"https:\/\/dolphinmedical.com\/colombia\/wp-json\/wp\/v2\/product_brand?post=679"},{"taxonomy":"product_cat","embeddable":true,"href":"https:\/\/dolphinmedical.com\/colombia\/wp-json\/wp\/v2\/product_cat?post=679"},{"taxonomy":"product_tag","embeddable":true,"href":"https:\/\/dolphinmedical.com\/colombia\/wp-json\/wp\/v2\/product_tag?post=679"}],"curies":[{"name":"wp","href":"https:\/\/api.w.org\/{rel}","templated":true}]}}